{"id":39,"date":"2015-10-18T14:03:09","date_gmt":"2015-10-18T14:03:09","guid":{"rendered":"http:\/\/www.uhrf.se\/?page_id=39"},"modified":"2015-10-18T14:25:48","modified_gmt":"2015-10-18T14:25:48","slug":"foreningsmoten-2012","status":"publish","type":"page","link":"https:\/\/www.uhrf.se\/index.php\/foreningsmoten-2012\/","title":{"rendered":"F\u00f6reningsm\u00f6ten 2012"},"content":{"rendered":"<p>Inbjudan till f\u00f6reningsm\u00f6te 2012-03-13 &#8211; klicka\u00a0<a href=\"http:\/\/www.uhrf.se\/wp-content\/uploads\/2015\/10\/inbjudan-120313.pdf\">h\u00e4r<\/a>!<\/p>\n<p>Inbjudan till f\u00f6reningsm\u00f6te 2012-04-26 &#8211; klicka\u00a0<a href=\"http:\/\/www.uhrf.se\/wp-content\/uploads\/2015\/10\/inbjudan-120426.pdf\">h\u00e4r<\/a>!<\/p>\n<p>Inbjudan till f\u00f6reningsm\u00f6te 2012-09-12 &#8211; klicka\u00a0<a href=\"http:\/\/www.uhrf.se\/wp-content\/uploads\/2015\/10\/inbjudan-120915.pdf\">h\u00e4r<\/a>!<\/p>\n<p>Inbjudan till f\u00f6reningsm\u00f6te 2012-10-15 &#8211; klicka\u00a0<a href=\"http:\/\/www.uhrf.se\/wp-content\/uploads\/2015\/10\/inbjudan-121015.pdf\">h\u00e4r<\/a>!<\/p>\n","protected":false},"excerpt":{"rendered":"<p>Inbjudan till f\u00f6reningsm\u00f6te 2012-03-13 &#8211; klicka\u00a0h\u00e4r! Inbjudan till f\u00f6reningsm\u00f6te 2012-04-26 &#8211; klicka\u00a0h\u00e4r! Inbjudan till f\u00f6reningsm\u00f6te 2012-09-12 &#8211; klicka\u00a0h\u00e4r! Inbjudan till f\u00f6reningsm\u00f6te 2012-10-15 &#8211; klicka\u00a0h\u00e4r!<\/p>\n","protected":false},"author":1,"featured_media":0,"parent":0,"menu_order":0,"comment_status":"closed","ping_status":"closed","template":"","meta":[],"_links":{"self":[{"href":"https:\/\/www.uhrf.se\/index.php\/wp-json\/wp\/v2\/pages\/39"}],"collection":[{"href":"https:\/\/www.uhrf.se\/index.php\/wp-json\/wp\/v2\/pages"}],"about":[{"href":"https:\/\/www.uhrf.se\/index.php\/wp-json\/wp\/v2\/types\/page"}],"author":[{"embeddable":true,"href":"https:\/\/www.uhrf.se\/index.php\/wp-json\/wp\/v2\/users\/1"}],"replies":[{"embeddable":true,"href":"https:\/\/www.uhrf.se\/index.php\/wp-json\/wp\/v2\/comments?post=39"}],"version-history":[{"count":4,"href":"https:\/\/www.uhrf.se\/index.php\/wp-json\/wp\/v2\/pages\/39\/revisions"}],"predecessor-version":[{"id":73,"href":"https:\/\/www.uhrf.se\/index.php\/wp-json\/wp\/v2\/pages\/39\/revisions\/73"}],"wp:attachment":[{"href":"https:\/\/www.uhrf.se\/index.php\/wp-json\/wp\/v2\/media?parent=39"}],"curies":[{"name":"wp","href":"https:\/\/api.w.org\/{rel}","templated":true}]}}